 = -2*g + 3*x + 40917, -335*x + 102373 = 5*g - 331*x. What is the hundreds digit of g?
4
Suppose 3*x + 5*u - 2718 = -333, -3154 = -4*x + 2*u. What is the hundreds digit of x?
7
Let v(y) = 295*y + 2074. What is the thousands digit of v(7)?
4
Let t(j) = 2*j**2 + 3*j - 2. Let s be t(1). Let d(x) = x**3 - 31*x**2 + 77*x - 13. Let b be d(29). Suppose -b = -s*i - 1. What is the tens digit of i?
7
Let t = -98 - 6. Let w = t + 192. What is the units digit of w?
8
Let w(n) = 355*n - 122. Let v be w(3). Suppose 3*l = -0*k - 3*k + 918, 3*l = 2*k + v. What is the tens digit of l?
1
Suppose -3*m - 77 = -4*d + 5*d, 2*d + 5*m + 150 = 0. Let g be 5/(10 + -5) + d. Let b = g + 82. What is the tens digit of b?
1
Let x(i) = 9*i**2 + 57*i - 67. What is the hundreds digit of x(24)?
4
Let b be (-3 + 32/12)*0. Suppose 5*t = -4*y, 5*y - 6*y = 4*t + 11. Suppose 20 = -b*q + 5*q, y*v = 5*q + 675. What is the hundreds digit of v?
1
What is the thousands digit of (-3 - 66/(-55))/((-1)/1725)?
3
Let y(l) = -3499*l**2 + 69*l + 73. Let u(f) = 2333*f**2 - 46*f - 49. Let r(b) = -7*u(b) - 5*y(b). What is the thousands digit of r(-1)?
1
Suppose -4*i + 0*m - 4*m + 868 = 0, -4*i + 836 = -4*m. Suppose -4*k = a - 217, -3*k + i + 940 = 5*a. What is the tens digit of a?
3
Let y(i) = 19*i**2 + 2*i + 20. Let x be y(-7). Let z = -545 + x. What is the units digit of z?
2
Suppose 5*a = i - 825 + 142, 4*i + 2*a = 2732. Let k = -361 + i. What is the tens digit of k?
2
Let t be 1*-1 - (-12060)/(-20). What is the hundreds digit of 7/((-28)/t) + -5?
1
Let f = 200 + -503. Let j = f - -404. What is the tens digit of j?
0
Suppose 0 = -4*d + 20, -2*d + 19 = -u + 3*d. What is the units digit of (24/(-20))/(u/(-20)) + 918?
2
Let f be 5/(20/614)*-14. Let s = 3666 + f. What is the tens digit of s?
1
Let t = -245 - -253. Suppose 2*m = 4*r + 660, 0 = 4*m - t*m + r + 1306. What is the units digit of m?
6
Suppose -124916 = -475*x + 464*x. What is the tens digit of x?
5
Suppose 37896 = 6*j - 5*i, 4*i - 14522 - 17009 = -5*j. What is the units digit of j?
1
Suppose -6*g - 165 = 9. Let w = 322 - 237. Let o = g + w. What is the units digit of o?
6
Suppose -4*x + 3*x - 5*r = -49, -4*x = -4*r - 268. What is the units digit of (2/(-8))/((-4)/x)?
4
Let z be (8/(-6) + 0)*(9 - 12). Let g be ((-6)/10)/(z/100). What is the hundreds digit of ((-192)/g)/((-10)/(-200))?
2
Suppose 90*p - 733409 + 175499 = 0. What is the units digit of p?
9
Suppose 23213 = 6*t - 10957. What is the hundreds digit of t?
6
Suppose 2*a = -5*y + 95, -4*a - 3*y = a - 228. Suppose -a + 5 = -4*x. Suppose 84 = 3*j + w, -j - x = -3*w - 38. What is the tens digit of j?
2
Let z = -181 - -973. Suppose -f - 7*f = -z. What is the units digit of f?
9
Let f(p) = -2*p + p**3 - 12*p + 5 + 10*p - 2*p**2. Let v be f(3). Suppose l = -v*t + 495, -5*t - l = -0*l - 1245. What is the hundreds digit of t?
2
Let c(h) = 55*h**3 + 9*h**2 + h + 40. What is the hundreds digit of c(5)?
1
Let s(n) = -15*n + 11 + 2 + 1 - 6*n. What is the hundreds digit of s(-8)?
1
Suppose -2*w - 138 + 148 = 0. Suppose -w*x = -p - 5063, 5*x - 1632 = -4*p + 3416. What is the hundreds digit of x?
0
Let l(w) = -w**2 + 55*w - 5. Let z be l(3). Let k be (-2 - -259) + 1*-1. Let x = k - z. What is the tens digit of x?
0
Suppose -3*x = -1 - 5. Suppose -x*r = 8*r. Suppose r = 3*q - 337 + 1. What is the tens digit of q?
1
Suppose -257*s - 425216 = -345*s. What is the tens digit of s?
3
Let g = -71 + 75. Suppose 4*w - 702 = 3*w - 4*p, g*w = -3*p + 2743. What is the tens digit of w?
8
Let q be ((-1)/((-4)/(-86)))/(2/(-8)). Let g = q - 86. Suppose 2*f + 3*n - 429 = 0, g*f - 2*f = -3*n - 459. What is the hundreds digit of f?
2
Suppose 4*v + 114*v = 12508. Let r = 119 + -66. Suppose 5*g = u - v, -3*g - 53 - r = -u. What is the units digit of u?
6
Let f(y) = -12*y**3 + 3*y**2 + 4*y - 8. Let u be f(2). Let w = u + 48. Let j = 104 + w. What is the units digit of j?
8
Let k be 32/4 + (-3 + -7)/2. Suppose -3*v - k*a + 1260 = 0, 4*a + 517 + 708 = 3*v. What is the tens digit of v?
1
Let r(l) = 2*l + 12. Let y be r(-4). Suppose y*v = 3*n + 21, 2*n - 25 = -v - 6. Suppose 5*i + 96 = v*i. What is the units digit of i?
4
What is the units digit of ((175990 - -4)/13)/((-3)/4 - -1)?
2
Let i be (-4)/2*3/(-2). Suppose 3359 = 145*d - 4470 - 5221. Suppose 3*x - 443 = -5*z, i*x = -z + x + d. What is the units digit of z?
8
Suppose -21 = b - 5*q - 5, 24 = 2*b + 4*q. What is the units digit of (253/b)/(15/60)?
3
Suppose 42*k - 44*k = 2*b - 6400, -b + 3*k = -3180. What is the tens digit of b?
9
Let s be -12*(-40)/(-6)*25/10. Let n = s + 216. What is the units digit of n?
6
Let a = 52 - 49. Suppose -a*w + 0*w = -15. Let o = w + 40. What is the tens digit of o?
4
Let t(d) = -2*d**3 - 49*d**2 - 28*d + 295. What is the thousands digit of t(-28)?
6
Suppose -2370 = -5*n - 160. Suppose -h + n + 94 = 0. What is the units digit of h?
6
Let h(l) = -5641*l - 37. What is the tens digit of h(-3)?
8
Let y be (-3483)/(-7) + (-16)/28. Suppose -335*w = -336*w + y. What is the hundreds digit of w?
4
Let t(n) = 1355*n**3 + n**2 + 20*n - 36. What is the hundreds digit of t(2)?
8
Let q = -12 + 18. Suppose y - 14 = -q*y. Suppose -5*v - 5*g = -y*v - 469, 2*v = -3*g + 314. What is the units digit of v?
3
Let s(x) = 14*x. Let o(p) = -3*p**2 - 4*p - 10. Let m(n) = -4*n**2 - 5*n - 10. Let j(g) = -4*m(g) + 5*o(g). Let d be j(4). What is the units digit of s(d)?
4
Let a = -2487 - -27863. What is the thousands digit of a?
5
Let k = -37 + 42. Suppose -33*b + 28*b = k. What is the units digit of ((-231)/(-14) + 4)*(b - -5)?
2
Suppose -154 = 3*c + 182. Let s be 5/((-75)/36)*70/4. Let y = s - c. What is the units digit of y?
0
Let o(a) be the third derivative of a**5/5 - a**4/8 + 11*a**3/6 - 9*a**2 - 1. What is the units digit of o(5)?
6
What is the units digit of 29576 - (20 + -8)*(-5)/10?
2
What is the thousands digit of 3737/3 + 5 + 0 + (-1)/(-3)?
1
Suppose 3*v = 2*w + 3*w - 2423, -3*w + 3 = 0. Let i = -480 - v. What is the tens digit of i?
2
Let x(n) = -126*n - 18. Let h(b) be the first derivative of b**3/3 + 2*b**2 - 7*b - 14. Let r be h(-5). What is the units digit of x(r)?
4
Let r(q) = 11*q**3 - 22*q**2 + 140*q - 6. What is the tens digit of r(10)?
9
Suppose 4 = -4*c, -4*c - 27424 = 3*z - 7*z. Suppose z = 14*m - 4807. What is the hundreds digit of m?
8
Suppose 0 = 5*d - 3*h - 134, 3*d - 5*h = 107 - 17. Suppose -23*t - 1844 = -d*t. What is the units digit of t?
2
Suppose 19*p - 302392 = 434789. What is the tens digit of p?
9
Suppose -3*o = 0, 4*o = h - 41989 - 1269. What is the ten thousands digit of h?
4
Let t be 8889/(-9) - (-8 + 114/18). Let h = 1311 + t. What is the units digit of h?
5
Suppose -53*s + 2706447 - 126725 = 0. What is the ten thousands digit of s?
4
Let x = -9627 + 23436. What is the hundreds digit of x?
8
Suppose -4*l - 18 = -2*a, 0 = 2*a + 3*l + 3 - 21. Suppose -a*b = -3397 + 409. What is the tens digit of b?
3
Let s(o) = 10*o**2 - 169*o - 118. What is the ten thousands digit of s(-44)?
2
Let k(j) be the third derivative of -j**6/120 + 2*j**5/5 - 17*j**4/24 + 5*j**3/6 - 24*j**2. Let r be k(23). Let h = -36 + r. What is the units digit of h?
7
Suppose 11*r = 6*r + 250. Let y = r + -48. Suppose 0 = -3*l + 3*a + 282 + 201, -l + 176 = y*a. What is the units digit of l?
6
Suppose f - 2*j - 15972 = 0, -13*j + 16*j - 79964 = -5*f. What is the units digit of f?
8
What is the thousands digit of 3411636/376 - (-10)/6*6/4?
9
Suppose -3*n + 18 = 3*n. Suppose -4*a = p - 5025, -n*a - 3*p + 3765 = -6*p. What is the tens digit of 9*(-2)/(-45) + a/10?
2
What is the units digit of -7*(-6)/21*(8499/6 - -2)?
7
What is the units digit of 8/(-2 + 74) + (-128879)/(-9)?
0
Suppose 0 = 2*m + r + 2, m - 21 = 5*r - 0*r. Suppose -4*x - 1 = o - 5*x, 2*o + m = x. Let l = 19 + o. What is the tens digit of l?
1
Let o = -54 - -53. Let c(a) = -7*a**2 + 5*a + 4. Let y be c(o). Let s(m) = m**3 + 11*m**2 - 2*m + 8. What is the units digit of s(y)?
6
Suppose -3*p - 3*l = -3, 8*p - 9*p + l = -3. What is the hundreds digit of p*116 - (-18 - -18)?
2
Let l(n) = 8042*n**2 - 92*n - 187. What is the ten thousands digit of l(-2)?
3
Let a(b) = -b + b + 15*b**2 + 5*b + 5*b - 5*b - 58. What is the hundreds digit of a(5)?
3
Let h = 46 + -16. Suppose 4*q - 18 - h = 0. What is the units